 the greatest common divisor of 118569423 and 1554?
777
What is the highest common factor of 60315867 and 1725?
69
Calculate the greatest common factor of 148049 and 95546.
473
What is the highest common divisor of 21090 and 38961555?
555
Calculate the highest common divisor of 172267361 and 8139.
2713
What is the greatest common factor of 78148 and 49?
7
Calculate the highest common factor of 99458 and 242847.
223
Calculate the highest common factor of 16521154 and 13.
13
Calculate the highest common factor of 3400110 and 424564.
3598
What is the greatest common factor of 315990438 and 174?
174
What is the greatest common divisor of 1602004 and 46759?
2033
What is the highest common factor of 801002 and 13377482?
7486
Calculate the highest common divisor of 680742 and 865530.
1062
What is the highest common divisor of 84 and 677068?
28
Calculate the highest common factor of 5245368 and 684.
228
What is the greatest common factor of 247884 and 526617?
273
Calculate the highest common divisor of 17344 and 218.
2
What is the greatest common factor of 3 and 190041?
3
What is the greatest common divisor of 3843 and 1018822?
427
What is the greatest common divisor of 672728 and 3534692?
1148
What is the highest common factor of 1051 and 286174?
1
Calculate the highest common factor of 108 and 423159012.
108
Calculate the highest common divisor of 4346672 and 656.
16
What is the greatest common factor of 201829644 and 22032?
5508
Calculate the highest common divisor of 4907978 and 58162.
4474
What is the highest common divisor of 1125 and 176161275?
225
Calculate the highest common factor of 96768045 and 1320.
165
Calculate the greatest common divisor of 106836846 and 4806.
534
Calculate the greatest common divisor of 18619621 and 37.
37
Calculate the greatest common divisor of 1082037 and 5643.
33
Calculate the greatest common factor of 1088 and 8496.
16
What is the highest common factor of 62305494 and 96?
6
Calculate the highest common divisor of 400017111 and 39.
39
Calculate the greatest common divisor of 4275 and 280538325.
4275
What is the highest common divisor of 1459264 and 14024?
8
Calculate the highest common divisor of 10953 and 100948933.
1217
What is the greatest common divisor of 43177216 and 227?
227
What is the greatest common divisor of 2178 and 16963232?
242
Calculate the greatest common divisor of 2173 and 1498999.
53
Calculate the greatest common factor of 432198 and 267.
3
What is the greatest common divisor of 59987 and 302087?
269
Calculate the highest common divisor of 13080783 and 895.
179
Calculate the greatest common factor of 26222763 and 21.
21
What is the greatest common factor of 19085 and 43285?
55
What is the greatest common factor of 165 and 879560?
55
What is the greatest common factor of 594 and 21447?
9
What is the highest common divisor of 42 and 1289023176?
42
What is the greatest common divisor of 150961040 and 400?
80
What is the greatest common divisor of 227 and 11420370?
227
Calculate the highest common divisor of 7371 and 361502505.
819
Calculate the greatest common divisor of 66252021 and 11.
11
Calculate the greatest common divisor of 3398837 and 168116.
689
What is the greatest common divisor of 1653 and 4543185?
57
Calculate the highest common divisor of 89440 and 436618.
26
What is the highest common factor of 1224 and 58434984?
1224
What is the greatest common divisor of 1485029 and 1729?
91
What is the greatest common divisor of 429 and 46111824?
33
Calculate the highest common factor of 30650201 and 85.
17
Calculate the greatest common divisor of 13047647 and 23.
23
What is the highest common divisor of 2943 and 550503?
27
What is the highest common factor of 1637976 and 3753?
417
What is the greatest common divisor of 98 and 369952?
2
What is the highest common factor of 46472807 and 5188?
1297
What is the highest common factor of 6226877 and 62?
31
Calculate the highest common divisor of 8953 and 9233101.
1279
What is the greatest common factor of 2755 and 88643930?
95
Calculate the greatest common factor of 1071 and 3967698.
357
Calculate the highest common divisor of 495 and 114895.
55
Calculate the greatest common factor of 422 and 4248274.
422
Calculate the greatest common factor of 5856 and 45712128.
96
Calculate the greatest common divisor of 825664532 and 112.
28
What is the greatest common divisor of 46092 and 5109198?
1002
Calculate the highest common divisor of 9837448 and 20978.
1234
Calculate the highest common factor of 8670982 and 12.
2
Calculate the highest common factor of 761049 and 44865.
9
What is the highest common factor of 19344 and 2165592?
312
What is the highest common factor of 17263012 and 208?
52
Calculate the highest common factor of 891 and 53991003.
33
Calculate the greatest common factor of 269098 and 36424.
314
Calculate the greatest common factor of 6314 and 120119258.
574
What is the highest common divisor of 2668 and 25057189?
667
What is the highest common factor of 800 and 144033280?
160
What is the highest common factor of 3484 and 303836?
52
Calculate the greatest common divisor of 234679818 and 246.
246
What is the highest common divisor of 9594234 and 324?
54
Calculate the highest common factor of 273883 and 17644.
401
Calculate the highest common divisor of 209 and 2739892606.
209
What is the highest common divisor of 1055580 and 12058140?
4380
Calculate the greatest common factor of 76445677 and 616.
77
Calculate the highest common factor of 61497390 and 780.
30
What is the greatest common factor of 6751 and 3717446?
157
What is the greatest common factor of 32071 and 1680027?
2467
What is the greatest common divisor of 41242980 and 60?
60
Calculate the greatest common factor of 2041402 and 6.
2
Calculate the highest common factor of 176 and 12828656.
16
What is the highest common factor of 5195490 and 60?
30
What is the greatest common divisor of 8368 and 11985068?
2092
What is the highest common factor of 779473 and 2962243?
307
What is the highest common divisor of 125036604 and 154?
154
Calculate the highest common factor of 33 and 106919549.
11
What is the greatest common factor of 260 and 79919060?
260
Calculate the highest common factor of 362019 and 8211.
21
Calculate the highest common factor of 133 and 133301.
7
Calculate the greatest common divisor of 92845 and 89435.
155
What is the highest common factor of 651438 and 2298?
6
Calculate the greatest common divisor of 58628510 and 856.
214
What is the greatest common factor of 11999610 and 44835?
735
Calculate the greatest common factor of 2176651256 and 26.
26
Calculate the highest common divisor of 82445 and 697070.
55
Calculate the highest common factor of 56 and 633496.
8
What is the highest common divisor of 42076650 and 10?
10
What is the greatest common divisor of 2466 and 8095467?
411
Calculate the highest common divisor of 47372778 and 11938.
254
Calculate the highest common divisor of 1579100 and 11650.
50
Calculate the highest common divisor of 2287896 and 1872.
312
What is the greatest common factor of 804 and 49421076?
804
What is the greatest common divisor of 53469 and 30693?
39
What is the highest common factor of 2736 and 9016336?
304
Calculate the highest common factor of 116303 and 121113715.
10573
Calculate the greatest common divisor of 156311 and 2881.
67
Calculate the greatest common factor of 48961 and 103499103.
4451
What is the greatest common divisor of 5890 and 9407570?
310
Calculate the greatest common divisor of 203 and 28280.
7
What is the greatest common divisor of 6445728 and 54?
18
Calculate the greatest common divisor of 334 and 21973526.
334
What is the highest common divisor of 4 and 211836564?
4
What is the highest common factor of 69518948 and 44?
4
Calculate the greatest common factor of 379557348 and 24.
12
What is the highest common factor of 363 and 602008?
11
Calculate the greatest common divisor of 927083448 and 1031.
1031
Calculate the highest common factor of 87235775 and 55.
55
What is the greatest common factor of 805019287 and 701?
701
What is the highest common divisor of 352 and 423397480?
88
What is the highest common factor of 24 and 23677902?
6
What is the highest common factor of 338 and 1264?
2
Calculate the highest common factor